{"id":17,"date":"2022-08-23T01:44:03","date_gmt":"2022-08-23T01:44:03","guid":{"rendered":"https:\/\/www.offcourse.cl\/?post_type=product&#038;p=17"},"modified":"2025-05-27T04:21:37","modified_gmt":"2025-05-27T04:21:37","slug":"jurassic-park-collection-jurassic-park-the-lost-world-jurassic-park-jurassic-park-iii-jurassic-world-blu-ray","status":"publish","type":"product","link":"https:\/\/www.offcourse.cl\/?product=jurassic-park-collection-jurassic-park-the-lost-world-jurassic-park-jurassic-park-iii-jurassic-world-blu-ray","title":{"rendered":"Jurassic Park Collection (Jurassic Park \/ The Lost World: Jurassic Park \/ Jurassic Park III \/ Jurassic World) [Blu-ray]"},"content":{"rendered":"<p>Steven Spielberg regresa como productor ejecutivo de la tan esperada pr\u00f3xima entrega de su innovadora serie Jurassic Park, Jurassic World, una \u00e9pica aventura de acci\u00f3n.<\/p>\n","protected":false},"excerpt":{"rendered":"<p>Steven Spielberg regresa como productor ejecutivo de la tan esperada pr\u00f3xima entrega de su innovadora serie Jurassic Park, Jurassic World, una \u00e9pica aventura de acci\u00f3n.<\/p>\n","protected":false},"featured_media":18,"comment_status":"open","ping_status":"closed","template":"","meta":[],"product_brand":[],"product_cat":[15],"product_tag":[],"class_list":{"0":"post-17","1":"product","2":"type-product","3":"status-publish","4":"has-post-thumbnail","6":"product_cat-bluray","8":"first","9":"instock","10":"sale","11":"shipping-taxable","12":"purchasable","13":"product-type-simple"},"_links":{"self":[{"href":"https:\/\/www.offcourse.cl\/index.php?rest_route=\/wp\/v2\/product\/17","targetHints":{"allow":["GET"]}}],"collection":[{"href":"https:\/\/www.offcourse.cl\/index.php?rest_route=\/wp\/v2\/product"}],"about":[{"href":"https:\/\/www.offcourse.cl\/index.php?rest_route=\/wp\/v2\/types\/product"}],"replies":[{"embeddable":true,"href":"https:\/\/www.offcourse.cl\/index.php?rest_route=%2Fwp%2Fv2%2Fcomments&post=17"}],"wp:featuredmedia":[{"embeddable":true,"href":"https:\/\/www.offcourse.cl\/index.php?rest_route=\/wp\/v2\/media\/18"}],"wp:attachment":[{"href":"https:\/\/www.offcourse.cl\/index.php?rest_route=%2Fwp%2Fv2%2Fmedia&parent=17"}],"wp:term":[{"taxonomy":"product_brand","embeddable":true,"href":"https:\/\/www.offcourse.cl\/index.php?rest_route=%2Fwp%2Fv2%2Fproduct_brand&post=17"},{"taxonomy":"product_cat","embeddable":true,"href":"https:\/\/www.offcourse.cl\/index.php?rest_route=%2Fwp%2Fv2%2Fproduct_cat&post=17"},{"taxonomy":"product_tag","embeddable":true,"href":"https:\/\/www.offcourse.cl\/index.php?rest_route=%2Fwp%2Fv2%2Fproduct_tag&post=17"}],"curies":[{"name":"wp","href":"https:\/\/api.w.org\/{rel}","templated":true}]}}