{"id":23,"date":"2022-08-23T02:07:07","date_gmt":"2022-08-23T02:07:07","guid":{"rendered":"https:\/\/www.offcourse.cl\/?post_type=product&#038;p=23"},"modified":"2024-07-02T23:38:30","modified_gmt":"2024-07-02T23:38:30","slug":"back-to-the-future-25th-anniversary-trilogy-blu-ray","status":"publish","type":"product","link":"https:\/\/www.offcourse.cl\/?product=back-to-the-future-25th-anniversary-trilogy-blu-ray","title":{"rendered":"Back to the Future: 25th Anniversary Trilogy [Blu-ray]"},"content":{"rendered":"<p><span>\u00a1Experimenta una de las series de pel\u00edculas m\u00e1s populares de todos los tiempos como nunca antes con la trilog\u00eda del 25 aniversario de Regreso al futuro!\u00a0<\/span><span>\u00danase a Marty McFly (Michael J. Fox), Doc Brown (Christopher Lloyd) y un DeLorean que viaja en el tiempo en la aventura de su vida mientras viajan al pasado, presente y futuro, desencadenando una reacci\u00f3n en cadena que rompe el tiempo y perturba el espacio. -tiempo continuo!\u00a0<\/span><span>De los cineastas Steven Spielberg, Robert Zemeckis y Bob Gale, estas pel\u00edculas atemporales cuentan con restauraciones completamente nuevas del 25.\u00ba aniversario para mejorar la imagen y el sonido, adem\u00e1s de horas de emocionantes funciones adicionales.<\/span><\/p>\n","protected":false},"excerpt":{"rendered":"<p>\u00a1Experimenta una de las series de pel\u00edculas m\u00e1s populares de todos los tiempos como nunca antes con la trilog\u00eda del 25 aniversario de Regreso al futuro!\u00a0\u00danase a Marty McFly (Michael J. Fox), Doc Brown (Christopher Lloyd) y un DeLorean que viaja en el tiempo en la aventura de su vida mientras viajan al pasado, presente [&hellip;]<\/p>\n","protected":false},"featured_media":24,"comment_status":"open","ping_status":"closed","template":"","meta":[],"product_brand":[],"product_cat":[15],"product_tag":[],"class_list":{"0":"post-23","1":"product","2":"type-product","3":"status-publish","4":"has-post-thumbnail","6":"product_cat-bluray","8":"first","9":"instock","10":"sale","11":"shipping-taxable","12":"purchasable","13":"product-type-simple"},"_links":{"self":[{"href":"https:\/\/www.offcourse.cl\/index.php?rest_route=\/wp\/v2\/product\/23","targetHints":{"allow":["GET"]}}],"collection":[{"href":"https:\/\/www.offcourse.cl\/index.php?rest_route=\/wp\/v2\/product"}],"about":[{"href":"https:\/\/www.offcourse.cl\/index.php?rest_route=\/wp\/v2\/types\/product"}],"replies":[{"embeddable":true,"href":"https:\/\/www.offcourse.cl\/index.php?rest_route=%2Fwp%2Fv2%2Fcomments&post=23"}],"wp:featuredmedia":[{"embeddable":true,"href":"https:\/\/www.offcourse.cl\/index.php?rest_route=\/wp\/v2\/media\/24"}],"wp:attachment":[{"href":"https:\/\/www.offcourse.cl\/index.php?rest_route=%2Fwp%2Fv2%2Fmedia&parent=23"}],"wp:term":[{"taxonomy":"product_brand","embeddable":true,"href":"https:\/\/www.offcourse.cl\/index.php?rest_route=%2Fwp%2Fv2%2Fproduct_brand&post=23"},{"taxonomy":"product_cat","embeddable":true,"href":"https:\/\/www.offcourse.cl\/index.php?rest_route=%2Fwp%2Fv2%2Fproduct_cat&post=23"},{"taxonomy":"product_tag","embeddable":true,"href":"https:\/\/www.offcourse.cl\/index.php?rest_route=%2Fwp%2Fv2%2Fproduct_tag&post=23"}],"curies":[{"name":"wp","href":"https:\/\/api.w.org\/{rel}","templated":true}]}}